{"id":283,"date":"2016-05-15T18:41:12","date_gmt":"2016-05-15T18:41:12","guid":{"rendered":"http:\/\/icm.sites.uff.br\/?page_id=283"},"modified":"2019-08-21T12:38:57","modified_gmt":"2019-08-21T12:38:57","slug":"administracao","status":"publish","type":"page","link":"http:\/\/icm.sites.uff.br\/?page_id=283","title":{"rendered":"Administra\u00e7\u00e3o"},"content":{"rendered":"\n<div style=\"height: 10px\">&nbsp;<\/div>\n<p><strong><span style=\"font-size: medium\">Objetivos do Curso<\/span><\/strong><\/p>\n<div style=\"height: 03px\">&nbsp;<\/div>\n<p><span style=\"font-size: medium\">Formar profissionais capazes de atender \u00e0s demandas do mercado de trabalho e da comunidade em geral, voltados para o conhecimento e a aplica\u00e7\u00e3o das tecnologias de administra\u00e7\u00e3o das organiza\u00e7\u00f5es, que conhe\u00e7am e saibam aplicar, de forma coerente, modelos conceituais referentes \u00e0s organiza\u00e7\u00f5es e processos administrativos e re\u00fanam condi\u00e7\u00f5es n\u00e3o s\u00f3 para analisar e avaliar a realidade regional, mas tamb\u00e9m para propor as modifica\u00e7\u00f5es que se fizerem necess\u00e1rias.<\/span><\/p>\n<p><strong><span style=\"font-size: medium\">Titula\u00e7\u00e3o<\/span><\/strong><span style=\"font-size: medium\"><br><span style=\"font-size: medium\">Bacharel em Administra\u00e7\u00e3o<\/span><\/span><\/p>\n<p><strong><span style=\"font-size: medium\">Dura\u00e7\u00e3o<\/span><\/strong><span style=\"font-size: medium\"><br><span style=\"font-size: medium\">M\u00ednima de 8 e m\u00e1xima de 12 semestres<\/span><\/span><\/p>\n<p><strong><span style=\"font-size: medium\">Mercado de Trabalho<\/span><\/strong><span style=\"font-size: medium\"><br><span style=\"font-size: medium\">\u00d3rg\u00e3os de planejamento, bancos, ind\u00fastrias, hospitais; institui\u00e7\u00f5es cient\u00edficas e de pesquisa, de assist\u00eancia social e de ensino; empresas agr\u00edcolas, de comunica\u00e7\u00e3o e transportes, de explora\u00e7\u00e3o natural de seguros, de contabilidade e de servi\u00e7os em geral; servi\u00e7os p\u00fablicos federal, estadual e municipal, autarquias, sociedades de economia mista, empresas estatais e privadas, assessoria e consultoria.<\/span><\/span><\/p>\n<p><strong><span style=\"font-size: medium\">Site do Departamento de Administra\u00e7\u00e3o de Maca\u00e9<br><\/strong><span style=\"font-size: medium\"><em>Link de acesso:<\/em> <a href=\"http:\/\/icmcoordadmacae.sites.uff.br\/\">http:\/\/icmcoordadmacae.sites.uff.br<\/a><\/p>\n","protected":false},"excerpt":{"rendered":"<p>&nbsp; Objetivos do Curso &nbsp; Formar profissionais capazes de atender \u00e0s demandas do mercado de trabalho e da comunidade em geral, voltados para o conhecimento e a aplica\u00e7\u00e3o das tecnologias de administra\u00e7\u00e3o das organiza\u00e7\u00f5es, que conhe\u00e7am e saibam aplicar, de forma coerente, modelos conceituais referentes \u00e0s organiza\u00e7\u00f5es e processos administrativos e re\u00fanam condi\u00e7\u00f5es n\u00e3o s\u00f3 [&hellip;]<\/p>\n","protected":false},"author":19,"featured_media":0,"parent":0,"menu_order":0,"comment_status":"closed","ping_status":"closed","template":"","meta":{"_exactmetrics_skip_tracking":false,"_exactmetrics_sitenote_active":false,"_exactmetrics_sitenote_note":"","_exactmetrics_sitenote_category":0,"footnotes":""},"categories":[],"tags":[],"class_list":["post-283","page","type-page","status-publish","hentry"],"_links":{"self":[{"href":"http:\/\/icm.sites.uff.br\/index.php?rest_route=\/wp\/v2\/pages\/283","targetHints":{"allow":["GET"]}}],"collection":[{"href":"http:\/\/icm.sites.uff.br\/index.php?rest_route=\/wp\/v2\/pages"}],"about":[{"href":"http:\/\/icm.sites.uff.br\/index.php?rest_route=\/wp\/v2\/types\/page"}],"author":[{"embeddable":true,"href":"http:\/\/icm.sites.uff.br\/index.php?rest_route=\/wp\/v2\/users\/19"}],"replies":[{"embeddable":true,"href":"http:\/\/icm.sites.uff.br\/index.php?rest_route=%2Fwp%2Fv2%2Fcomments&post=283"}],"version-history":[{"count":6,"href":"http:\/\/icm.sites.uff.br\/index.php?rest_route=\/wp\/v2\/pages\/283\/revisions"}],"predecessor-version":[{"id":1712,"href":"http:\/\/icm.sites.uff.br\/index.php?rest_route=\/wp\/v2\/pages\/283\/revisions\/1712"}],"wp:attachment":[{"href":"http:\/\/icm.sites.uff.br\/index.php?rest_route=%2Fwp%2Fv2%2Fmedia&parent=283"}],"wp:term":[{"taxonomy":"category","embeddable":true,"href":"http:\/\/icm.sites.uff.br\/index.php?rest_route=%2Fwp%2Fv2%2Fcategories&post=283"},{"taxonomy":"post_tag","embeddable":true,"href":"http:\/\/icm.sites.uff.br\/index.php?rest_route=%2Fwp%2Fv2%2Ftags&post=283"}],"curies":[{"name":"wp","href":"https:\/\/api.w.org\/{rel}","templated":true}]}}

Administração

<div style="height: 10px">&nbsp;</div>
<p><strong><span style="font-size: medium">Objetivos do Curso</span></strong></p>
<div style="height: 03px">&nbsp;</div>
<p><span style="font-size: medium">Formar profissionais capazes de atender às demandas do mercado de trabalho e da comunidade em geral, voltados para o conhecimento e a aplicação das tecnologias de administração das organizações, que conheçam e saibam aplicar, de forma coerente, modelos conceituais referentes às organizações e processos administrativos e reúnam condições não só para analisar e avaliar a realidade regional, mas também para propor as modificações que se fizerem necessárias.</span></p>
<p><strong><span style="font-size: medium">Titulação</span></strong><span style="font-size: medium"><br><span style="font-size: medium">Bacharel em Administração</span></span></p>
<p><strong><span style="font-size: medium">Duração</span></strong><span style="font-size: medium"><br><span style="font-size: medium">Mínima de 8 e máxima de 12 semestres</span></span></p>
<p><strong><span style="font-size: medium">Mercado de Trabalho</span></strong><span style="font-size: medium"><br><span style="font-size: medium">Órgãos de planejamento, bancos, indústrias, hospitais; instituições científicas e de pesquisa, de assistência social e de ensino; empresas agrícolas, de comunicação e transportes, de exploração natural de seguros, de contabilidade e de serviços em geral; serviços públicos federal, estadual e municipal, autarquias, sociedades de economia mista, empresas estatais e privadas, assessoria e consultoria.</span></span></p>
<p><strong><span style="font-size: medium">Site do Departamento de Administração de Macaé<br></strong><span style="font-size: medium"><em>Link de acesso:</em> <a href="http://icmcoordadmacae.sites.uff.br/">http://icmcoordadmacae.sites.uff.br</a></p>

<p>&nbsp; Objetivos do Curso &nbsp; Formar profissionais capazes de atender às demandas do mercado de trabalho e da comunidade em geral, voltados para o conhecimento e a aplicação das tecnologias de administração das organizações, que conheçam e saibam aplicar, de forma coerente, modelos conceituais referentes às organizações e processos administrativos e reúnam condições não só [&hellip;]</p>
